et b be t(-8). What is the greatest common divisor of b and 9?
3
Let y = -40 - -59. Suppose -3*l + 86 = 29. What is the greatest common factor of y and l?
19
Let s = -44 + 74. What is the highest common divisor of s and 10?
10
Let v(r) = r**2 + 10*r - 2. Let n be v(-11). Let b be 4/(-12) + 165/n. What is the highest common divisor of 36 and b?
18
Let y(r) = -7*r - 7. Let k(i) = -8*i - 8. Let t(x) = 2*k(x) - 3*y(x). Let q be t(7). Suppose -3*f + q + 8 = 0. Calculate the highest common factor of 176 and f.
16
Suppose -2*s + 5*s = 3*v - 87, -2*s - 5*v - 44 = 0. Let f be s/(3/(-6)*2). Calculate the highest common divisor of f and 9.
9
Let s = 6 - 1. Let d be (-17 + -1)/((-2)/(-5)). Let x = 0 - d. What is the highest common divisor of x and s?
5
Let f be (-286)/(-4) + (-8)/16. Suppose f = 5*q + s - 282, 0 = 3*q + 3*s - 219. What is the greatest common divisor of q and 14?
14
Let t = -65 + 77. What is the greatest common factor of 108 and t?
12
Let i(v) = -2*v - 1. Let h be i(1). Let l be 2 + h - (-11 - 4). Calculate the greatest common factor of 7 and l.
7
Let w = 0 - -3. What is the highest common divisor of w and 1?
1
Let h(s) = -12*s**3 - 3*s**2 - 2*s. Let y be h(-2). Suppose -2*b + 3*c + 27 = -149, -b - 5*c = -y. Calculate the highest common factor of b and 22.
22
Let q(x) = x**2 + 12*x - 13. Let s be q(-13). Suppose h - 10 - 1 = s. Calculate the highest common factor of 55 and h.
11
Let j = 2 - -4. Let c(z) = -z**3 - 3*z**2 + 3*z - 2. Let v be c(-4). Calculate the highest common divisor of j and v.
2
Let d(b) be the third derivative of -b**6/120 - b**5/60 + b**2. Let c be d(-4). Calculate the greatest common factor of 6 and c.
6
Let l(u) = -u**2 - 9*u - 10. Let s(o) = o**2 - 6*o + 5. Let d be s(4). Let a = -10 - d. Let h be l(a). Calculate the highest common divisor of h and 36.
4
Suppose 3*z - 3 = 9. Suppose -4*g - 5*f = -0*g - 473, 4 = z*f. Let v be (2/3)/((-6)/(-117)). Calculate the greatest common factor of v and g.
13
Let y be (-756)/(-56) - ((-10)/(-4))/(-5). What is the highest common factor of y and 350?
14
Suppose 0 = -m - 3*m - 44. Let n be 10 + 1 + (-10 - m). Calculate the highest common divisor of 6 and n.
6
Let n be 25*(21/15 + -1). Suppose -33 = -i - m, -3*i + 1 = -m - 86. Calculate the highest common factor of n and i.
10
Let v(x) = x**3 - 4*x**2 - x + 4. Let f be 15/(-9)*(0 + -3). Let q be v(f). What is the greatest common divisor of 36 and q?
12
Suppose 0*w = -5*w + 40. Suppose 0 = 2*q + 3*l + 9, -4*q = 4*l + w. What is the highest common factor of 3 and q?
3
Let v = 42 + -14. Let u be (16/(-6))/((-2)/(-12)). Let a = v + u. Calculate the greatest common divisor of 3 and a.
3
Let c = -4 - -7. Suppose 0 = -14*b + 311 + 67. Calculate the highest common factor of c and b.
3
Suppose 0 = 65*f - 63*f - 68. Let u(m) = 4*m**2 + 2*m. Let g be u(8). Calculate the greatest common divisor of f and g.
34
Let s be 6 + 109 - (4 - (-1 + 2)). What is the highest common factor of s and 7?
7
Let n = -31 - -46. Calculate the highest common divisor of 45 and n.
15
Let z be 5 - 0/(1 - 3). Let n be 22/(-3)*(-11)/(22/15). What is the highest common factor of n and z?
5
Let j be ((-21)/9 + 0)/((-2)/6). Calculate the highest common factor of 14 and j.
7
Let f = 111 - 98. What is the greatest common divisor of 13 and f?
13
Suppose 0 = 4*z - 8 - 8. Suppose -z*v = -4*r - 276, -3*v = -5*r - 27 - 178. What is the highest common divisor of v and 28?
14
Let s(w) = 9*w - 1. Let j be s(1). Let g(r) = 2*r**3 + 7*r**2 - 3*r - 10. Let q be g(-3). Calculate the highest common factor of j and q.
8
Let m = 16 + -25. Let o = m + 18. What is the highest common divisor of 18 and o?
9
Let g = 238 - 138. Calculate the highest common divisor of 60 and g.
20
Suppose -1 = -2*g + 3. Let w = 6 + -4. Calculate the greatest common factor of w and g.
2
Suppose -h - 2*h = -108. Calculate the greatest common factor of 9 and h.
9
Let w(g) = -35*g - 4. Let p be w(3). Let z = -53 - p. What is the greatest common divisor of z and 8?
8
Let b = 37 + -29. What is the highest common factor of b and 8?
8
Let t(j) = 12*j + 5. Let x be t(6). Suppose -4*p + 2*p + 14 = 0. Calculate the highest common divisor of x and p.
7
Let z = 11 + -7. Let w be 39/15 - z/(-10). Calculate the highest common divisor of 3 and w.
3
Suppose 38*d = 34*d - 80. Let y = -12 - d. What is the greatest common divisor of y and 72?
8
Let l = -158 - -221. Let m = 25 - 38. Let y = 8 - m. Calculate the greatest common divisor of y and l.
21
Let m(b) = b**3 - 10*b**2 + 9*b - 3. Let n be m(9). Let p = n + 45. Calculate the highest common divisor of p and 6.
6
Suppose 2*g = -4 + 14, 2*g = -5*s + 150. Suppose 3*d + s - 109 = 0. Let o(b) = 22*b**2 + 4*b + 3. Let r be o(-3). What is the highest common factor of d and r?
27
Suppose 16 = -0*d + 4*d. Let q = 18 - 14. What is the highest common divisor of q and d?
4
Suppose 3*v + 0*v - 13 = -4*a, -4*v - a = -26. What is the highest common factor of v and 56?
7
Let i be 13 - (0 - (-2 - 0)). Let f(n) be the second derivative of -16*n**3/3 + n**2/2 - 3*n. Let k be f(-1). Calculate the highest common divisor of i and k.
11
Let s = 11 - 7. Let x(u) be the second derivative of u**5/20 + 11*u**4/12 + 8*u**2 + 4*u. Let h be x(-11). What is the greatest common factor of s and h?
4
Suppose -3 = h - 58. What is the highest common factor of 33 and h?
11
Let g(b) = 4*b + 3*b**3 - 6*b + 4 + b**2 - 2*b**2. Let t be g(3). What is the highest common factor of 14 and t?
14
Let o = -37 + 78. Let j = -25 + o. What is the greatest common divisor of j and 128?
16
Suppose 2*y - 5*k = 3*y - 120, -5*k = 4*y - 525. What is the highest common factor of y and 15?
15
Suppose -4*o + 37 + 15 = 0. Let v(k) = k**3 - k**2 - 6*k - 5. Let a be v(5). Calculate the greatest common divisor of o and a.
13
Suppose 4*b = 5*s - s - 412, 0 = -3*s - 5*b + 277. Calculate the greatest common factor of s and 11.
11
Suppose 7 = -6*c + 115. Calculate the greatest common factor of 18 and c.
18
Suppose -3*q - 5 + 23 = 0. Let a(f) = -f - 4*f - 2*f + 8*f - 1. Let h be a(7). Calculate the highest common divisor of q and h.
6
Let a be 0 + (-1)/4 + (-1940)/(-16). What is the greatest common divisor of a and 11?
11
Let r(h) be the second derivative of 7*h**4/3 + h**3/6 - h**2/2 - 2*h. Let g be r(1). Let x = -10 + g. What is the highest common divisor of 2 and x?
2
Let j = -173 - -174. Calculate the highest common factor of 31 and j.
1
Let p be (5/4)/(3/12). What is the greatest common factor of 40 and p?
5
Let r = 18 - 11. Let t(v) = v**3 - 4*v**2 - 4. Let f be t(5). Suppose -s = -2*s + f. Calculate the greatest common factor of r and s.
7
Let w be ((-12)/(-10))/(24/320). Suppose x = -x + 4*m - 18, 3*m = -x - 24. Let o = 47 + x. What is the greatest common factor of w and o?
16
Suppose -9*q - 552 = -12*q. Calculate the greatest common divisor of 46 and q.
46
Let b(o) = -o**3 + 8*o**2 + 3*o - 4. Let a be b(8). Suppose 46 + 6 = 3*c + 2*q, 2*q = -4*c + 72. What is the greatest common factor of c and a?
20
Suppose -5*w + 99 = -6. Calculate the greatest common factor of w and 63.
21
Let s(h) = -3*h + 1. Let a be s(-1). Calculate the highest common factor of 2 and a.
2
Let u(p) = p**3 + 13*p**2 + p + 15. Let w be u(-13). Let d be (-5)/10 - (-31)/w. Suppose -2*y + 207 = -3. Calculate the highest common factor of d and y.
15
Suppose -2*m - 2 = -36. Calculate the highest common divisor of 85 and m.
17
Suppose -4*r + 30 = r. Calculate the greatest common divisor of 96 and r.
6
Let h = 45 + -44. Calculate the highest common factor of h and 8.
1
Let h = -33 - -55. Calculate the highest common divisor of 2 and h.
2
Let p(f) = f**3 - 7*f**2 + 10*f + 8. Let c be p(6). What is the greatest common divisor of c and 8?
8
Let g be 0/(2*3/(-6)). Suppose 0*k + k + 134 = g. Let z = k - -197. What is the greatest common factor of z and 9?
9
Let t = -53 + 109. Calculate the greatest common factor of t and 16.
8
Suppose 2*m = 9 - 1. Let a(s) = 2*s**2 - 4*s - 3. Let z be a(m). What is the greatest common divisor of z and 52?
13
Suppose 4*i - 84 = -5*u, 0 = -5*i - 0*u + 2*u + 72. Let t = -610 + 994. Suppose 8*a - t = 2*a. What is the highest common divisor of a and i?
16
Let p = -7 - -10. Suppose -2*w + u = -63, 6*w - p*w + u = 87. Suppose w = 2*s - s. Calculate th